inder when 9 is divided by l?
3
Let q = 2722 - 2458. What is the remainder when q is divided by 31?
16
Suppose 2*j = 5*j. Let m be j - (-1)/((-3)/(-9)). Suppose 0*u = m*u - 45. What is the remainder when 56 is divided by u?
11
Suppose 2*t + 2*l = 16, 5*t - l - 56 = -2*l. What is the remainder when (-33)/(-2)*t/9 is divided by 12?
10
Suppose -7*j + 1654 = 660. Calculate the remainder when j is divided by 56.
30
Let l = 31 - 31. Suppose 2*f + l*m - 2*m = 78, 4*m = -4*f + 140. What is the remainder when f is divided by 13?
11
Let b(f) = -6 - 12*f**2 - f**3 + 7 - 3*f + 0*f - 15. Calculate the remainder when b(-12) is divided by -16*(1/2)/(-1).
6
Let r = -811 - -827. What is the remainder when 686 is divided by r?
14
Suppose 2*u + 353 = 5*g, -2*u - 139 = -4*g + 145. What is the remainder when g is divided by 7?
6
Let p(s) = -5*s + 3. Let o be p(6). Calculate the remainder when (-3138)/o - 6/27 is divided by 30.
26
Suppose 16*h = 12*h + 16. Suppose 2*k + t = 3*t + 42, -3*k = -5*t - 61. Suppose n + h = k. What is the remainder when 87 is divided by n?
15
Let k = -92 - -144. Let o(j) = -j**3 - 20*j**2 - 22*j - 46. Calculate the remainder when k is divided by o(-19).
8
Let w(m) = m**3 + 6*m**2 - 4*m - 16. Calculate the remainder when 67 is divided by w(-3).
21
Suppose 5 = -3*b + 2*x, -2*b + 30 = -6*b - 2*x. Let l = 16 + 5. What is the remainder when l is divided by (22/(-6))/(b/15)?
10
Suppose -23*x = -19*x - 236. Suppose -4*q = -3*u + 266, -u + 5*q + x = -26. Calculate the remainder when u is divided by 2/9 - (-554)/18.
28
Let b = -439 - -457. Suppose -6*p + 9*p = 153. What is the remainder when p is divided by b?
15
Suppose -10*v = 42 - 92. What is the remainder when 1508 is divided by v?
3
Suppose -1123 = 10*o - 12143. Calculate the remainder when (-30)/135 - o/(-18) is divided by 5.
1
Suppose 8*f + 3 = 9*f. Calculate the remainder when 35 is divided by (-3)/(f - 40/12).
8
Let f be 3 + -2 + 2 + -4. Let t(q) = 10*q**3 - q**2 - 2*q - 1. Let a be t(f). Calculate the remainder when 26 is divided by ((-8)/a)/(2/25).
6
Let i(j) = j**2 + 14*j + 32. Calculate the remainder when 158 is divided by i(-14).
30
Let u = 394 - 347. What is the remainder when 174 is divided by u?
33
Suppose -17*q + 180 = -279. Calculate the remainder when q is divided by 10.
7
Suppose -5*x = -3*g + 131, -2*g - 7*x + 104 = -2*x. Calculate the remainder when 139 is divided by g.
45
Calculate the remainder when (0 - 301 - 5)*10/(-15) is divided by 9.
6
Let c(l) = 11 + 13 + 9*l - 7*l. What is the remainder when c(13) is divided by 17?
16
Suppose -4*s - k + 2*k = -146, 2*s + 3*k = 66. Let l = -24 + s. Calculate the remainder when 93 is divided by l.
9
Let b(n) = 20*n**2 + 1. Let c = -3 + 5. Let l be b(c). Suppose 13 = 3*o - g - l, 0 = -2*g - 2. Calculate the remainder when o is divided by 17.
14
Let u(p) = -3*p. Let j be u(-6). Suppose 0 = -13*c + 47 + j. Calculate the remainder when c is divided by 4.
1
Let h(i) = i**2 + 27*i - 324. Calculate the remainder when 120 is divided by h(10).
28
Let a(s) = -6*s**3 - 6*s**2 - 5*s + 2. Let v = 76 + -32. Suppose 5*g - v = -5*b + 46, -4*g + b = -77. Calculate the remainder when a(-2) is divided by g.
17
Suppose 51 = 5*p + 6. Suppose 11*u + 5 = 16*u. What is the remainder when (-1 + 3)/u*8 is divided by p?
7
Let c(x) = x**3 + 5*x**2 - 2*x - 2. Let g be c(-5). Suppose g = 6*y - 34. What is the remainder when 26 is divided by y?
5
Suppose -11 - 64 = -5*t. What is the remainder when (-1)/((-1)/(-74)*-2) is divided by (-3)/t - (-288)/15?
18
Suppose 5*z + 5*z = 450. Suppose 4*j - 44 = -2*g, 2*g - z = 5*j + 35. Calculate the remainder when 80 is divided by g.
20
Let o(l) = 66*l + 144. What is the remainder when 267 is divided by o(0)?
123
Let b = 252 - 243. What is the remainder when 222 is divided by b?
6
Suppose 4*t + 487 = y + 5*t, -2 = 2*t. Calculate the remainder when y is divided by 35.
33
Let i(t) = 20*t - 7. Suppose 0 = -110*j + 106*j + 108. Calculate the remainder when i(7) is divided by j.
25
Let i = 26 + -17. Calculate the remainder when i is divided by ((-2)/(-4))/1*(6 - -4).
4
Let h(n) = 3*n - 4. Let t be (-6)/9 - (-87)/9. What is the remainder when h(t) is divided by 8?
7
Let q(b) be the third derivative of b**4/24 + 7*b**3/6 + 11*b**2. What is the remainder when q(4) is divided by 7?
4
Suppose -5*f = 20, v + 3*f - 30 = -f. What is the remainder when v is divided by 10?
6
Let c = -195 + 222. Let k = 10 + 0. Calculate the remainder when c is divided by k.
7
Let r(l) = -l**3 - 9*l**2 - 22*l - 8. What is the remainder when 188 is divided by r(-7)?
44
Suppose 4*d - 35 = -3. Let p be (-4)/d - (-3)/(-6). What is the remainder when (114/2 - p) + 3 is divided by 31?
30
Suppose -5*x = -0*x - 15. Let l be (-2 - 1)/x*-34. Let g = -9 + l. What is the remainder when g is divided by 13?
12
Let x(h) = 2*h**2 - 6*h - 5. Suppose 17*z - 8*z = 243. Calculate the remainder when x(7) is divided by z.
24
What is the remainder when 320/25 - 1/(-5) is divided by 5?
3
Suppose -264 = 29*h - 1105. Calculate the remainder when 137 is divided by h.
21
Let w = -6 - -97. Calculate the remainder when w is divided by 31.
29
Suppose -14*j + 197 = 141. Calculate the remainder when 258 is divided by j.
2
Suppose 14*d + 65 = 19*d. Calculate the remainder when 37 is divided by d.
11
Suppose 0 = 68*f - 63*f - 1860. What is the remainder when f is divided by 22?
20
Suppose -5*h + 73 - 304 = 4*j, -5*j - 258 = -4*h. Let p = 71 + j. Calculate the remainder when 65 is divided by p.
14
Let x(l) = -l**2 + 17*l - 38. What is the remainder when x(13) is divided by (2/2*-9)/(-9 + 8)?
5
Let q = -1878 + 1972. What is the remainder when 279 is divided by q?
91
Suppose -6*c = -5*h - c + 10, 3*h - 14 = -5*c. Suppose -3*z - 67 = -h*x - 8*z, 2*x - 66 = 2*z. Calculate the remainder when x is divided by 4.
1
Suppose 1 = -2*j - 47. Let s = -9 - j. What is the remainder when 29 is divided by s?
14
Let g be (-2 + 1)/(-4 + 1415/355). Let j = g - 55. Calculate the remainder when 63 is divided by j.
15
Let u = -3 + 30. What is the remainder when 129 is divided by u?
21
What is the remainder when 91 is divided by 6/72 - (-1135)/60?
15
Let q = -536 - -544. Calculate the remainder when 22 is divided by q.
6
Suppose -105 + 33 = -m. Suppose 0 = -4*x + 288 - m. Suppose 4*a - 2*a - 28 = 0. What is the remainder when x is divided by a?
12
Let r = 4 - -4. Suppose 4*u - 5*h = 27, -3*u - 2*h + 6 = -h. Suppose u*k - r = k. Calculate the remainder when 10 is divided by k.
2
Calculate the remainder when (2/(-9) - 0) + 3732/27 is divided by 47.
44
Let b(s) be the second derivative of 5*s**3/2 + s**2/2 + 47*s. Suppose -4*a - 4 = w - 12, 0 = -4*w + 16. Calculate the remainder when 46 is divided by b(a).
14
Let f(u) = u**3 + 22*u**2 + 20*u - 9. What is the remainder when 46 is divided by f(-21)?
10
Let z be (-6)/(-9) + 120/9. Let s be 16/7 - 4/z. Suppose 4*a - 2 = s*n, 0 = n - 2*n - 4*a + 17. Calculate the remainder when 19 is divided by n.
4
Let w(m) = -m**2 + 18*m - 14. Suppose -20 = 4*o + 20. Let g = o + 28. What is the remainder when w(13) is divided by g?
15
Let x = 108 - 42. What is the remainder when x is divided by 36?
30
Calculate the remainder when 97 is divided by ((-32)/(-20))/(-4*1/(-50)).
17
What is the remainder when 137 is divided by 5/((-25)/(-42))*180/54?
25
Let o(l) = l**2 + 3*l + 10*l - 13*l. Calculate the remainder when o(-3) is divided by 3.
0
Suppose 5*s = 10 - 0. Suppose s*h - 272 = -3*t + 2*t, 4*h - 2*t - 560 = 0. Let j = -81 + h. What is the remainder when j is divided by 15?
12
Let s = 52 + -48. Suppose -2*n = -3*n - k + 30, s*n = 5*k + 102. What is the remainder when n is divided by 6?
4
Let t(p) = p**3 + 9*p**2 + 10*p - 3. Suppose 4*k = 7*k - 9. Suppose q - 21 = -2*d, k*d - q = 23 + 1. What is the remainder when t(-7) is divided by d?
7
Let h = 1720 - 1373. What is the remainder when h is divided by 2?
1
Let h = -21 - -60. What is the remainder when 125 is divided by 1612/h - 2/(-3)?
41
Let a = -375 + 410. What is the remainder when 60 is divided by a?
25
Let u be 0 - (2 - 11)/3. Let o = 6 - u. Suppose o*q = 7*q - 8. What is the remainder when 5 is divided by q?
1
Let g(w) = -40*w + 793. Calculate the remainder when 115 is divided by g(19).
16
Suppose 78*b = 79*b - 4*k - 16, -2*k = -2*b